 -23. What is the remainder when 52 is divided by l?
16
Let t(g) = g**3 + 5*g**2 - 3. Let a be t(-5). Let w(l) = 2*l**2 - 2. What is the remainder when w(a) is divided by 9?
7
Let l(m) = m**3 - 7*m**2 + 3. Let v be l(7). Suppose -5*w + 72 = 3*n, -v*w + 40 = 2*n + 3*n. What is the remainder when 44 is divided by w?
14
Suppose 78*y = 77*y + 97. Calculate the remainder when y is divided by 20.
17
Suppose 2*l + 6 = 3*g, -3*l = -0*l + g + 31. Let s = 43 - 23. Let i = s + l. Calculate the remainder when 32 is divided by i.
10
Suppose 5*u = -0*u + 5. Calculate the remainder when 1 + -1 + u - -18 is divided by 10.
9
Let d be 1 + 1 + (-6)/3. Suppose d = 5*l + 22 - 177. Calculate the remainder when l is divided by 8.
7
Suppose 0*f + 35 = -5*f. Calculate the remainder when (-1 - f) + -3 - -18 is divided by 6.
3
Suppose 44 = 3*c - 2*c. Let u = -64 - -79. Calculate the remainder when c is divided by u.
14
Let p be 8/24*(1 + 11). Suppose 62 - 26 = p*g. Calculate the remainder when g is divided by 4.
1
Let l = -27 - -44. Calculate the remainder when l is divided by 6.
5
Let q(n) = -n + 1. Let c = -7 - -12. Suppose c*a - 4*s = 11, 0 = 3*a + 3*s - s + 11. What is the remainder when 4 is divided by q(a)?
0
Let a(r) = r**2 - 4*r + 6. Suppose 3*x + 5*y = -x + 25, -5*x + 28 = 3*y. Calculate the remainder when 20 is divided by a(x).
9
What is the remainder when 67 is divided by (26 - 3) + (-2 - -2)?
21
Let i(z) = 7*z + 2. Suppose -7*t + 3*t - 2*y + 10 = 0, 4*y = -5*t + 5. What is the remainder when i(t) is divided by ((-26)/(-8))/((-1)/(-4))?
11
Suppose 5*l + 5*y - 27 = 13, -3*l + 12 = -3*y. What is the remainder when (l + 80)*2/4 is divided by 11?
10
Let u be 0 + 2 + 4/(-2). Suppose c = -u*c - 98. What is the remainder when 33 is divided by c/(-6) - (-16)/24?
16
Let p = 14 - -3. Suppose 0 = 5*d - 358 - 152. Suppose 4*q = u - 15 - 22, 0 = 3*u - 3*q - d. Calculate the remainder when u is divided by p.
16
Let o(n) = 7*n**2 + 3*n + 2. Let a be o(5). Suppose k + a = 4*k. Calculate the remainder when k is divided by 22.
20
Let w be 4 + -2 - 2 - -1. Let d = 46 + -23. What is the remainder when d is divided by ((-12)/10)/(w/(-10))?
11
Let n = 7 - 11. Calculate the remainder when 27 is divided by n/12 - (-22)/3.
6
Let x(q) be the third derivative of q**5/60 - q**4/4 + q**3/2 - q**2. Calculate the remainder when 19 is divided by x(7).
9
Let n = 8 + 12. What is the remainder when (-1 - 0)/(3/(-114)) is divided by n?
18
Let n(w) = -w**3 - 3*w**2 + 6*w. Let h be n(-5). Let t = 35 - h. Calculate the remainder when t is divided by 2*((-14)/(-35))/(2/20).
7
Let b(l) = -l**2 + 9*l - 5. Calculate the remainder when 22 is divided by b(7).
4
Let p = -57 + 127. What is the remainder when p is divided by 18?
16
Let b(c) = -5*c - 2. What is the remainder when 37 is divided by b(-3)?
11
Suppose 2*l - 7*l + 4*j = -70, 3*l = 5*j + 42. Suppose 72 = 4*w - 92. Calculate the remainder when w is divided by l.
13
Suppose 0*n - 3*n = -15. Calculate the remainder when 18 is divided by n.
3
Let l(i) = 2*i**2 - 3*i + 4. What is the remainder when 37 is divided by l(3)?
11
Let n(z) = -z**3 + 13*z**2 + 17*z - 14. Let q be n(14). Suppose 4*k - 14 = -4*m + 2*k, -5*k = 3*m - q. What is the remainder when m is divided by 1?
0
Suppose 2*k = -5*w + 65, -3 - 12 = 3*k. What is the remainder when w is divided by 4?
3
Suppose 0 = -3*h - h + 224. Let s(q) = -q**3 + 4*q**2 + 4*q + 3. What is the remainder when h is divided by s(4)?
18
Suppose -14 + 41 = 3*y. Let r(h) = h**2 - 7*h - 5. What is the remainder when 37 is divided by r(y)?
11
Let c = 178 + -131. What is the remainder when c is divided by 25?
22
Let j = 30 - 25. Calculate the remainder when 24 is divided by j.
4
Let t(f) = -f**3 + 8*f**2 + f + 19. Suppose -15 - 80 = -5*r. What is the remainder when t(7) is divided by r?
18
Let u = -93 - -146. Let q = -28 + u. What is the remainder when q is divided by 13?
12
Suppose 0 = p - 40 - 8. Suppose 0 = -3*j - b + 51, 2*j + 2*b = -20 + 54. What is the remainder when p is divided by j?
14
Suppose -3*f = 4*r - 30, 3*f + 0*r - 3*r - 51 = 0. What is the remainder when f is divided by 9?
5
Let m(r) = 2*r + 3. Let z be m(9). Let q = 36 - z. Calculate the remainder when q is divided by 2/9 + 140/18.
7
Let q be -3 - (-3)/(-1 - 0). Let f(i) = -i**3 - i**2 - i - 5. What is the remainder when f(-4) is divided by (8 - q) + 1*2?
15
Let j(l) = 2*l**2 + 6*l + 12. Let u be (-5 - -3)*10/4. Calculate the remainder when j(u) is divided by 11.
10
Let f(t) = -t**2 + 9*t - 6. Let u be f(6). Let i = u + -7. Suppose -32 = -4*d - 0. Calculate the remainder when d is divided by i.
3
Let t be (-6)/((-2)/(-2)) + 1. Suppose 0 = 4*i - i - 120. Calculate the remainder when i is divided by 7/3*(-30)/t.
12
Suppose w - 3*k - 21 = -2*w, 22 = 2*w - 4*k. Suppose w*y + y + 36 = 0. Let u = 0 - y. Calculate the remainder when 16 is divided by u.
7
Let d = 2 + 7. Let f = -37 - -52. What is the remainder when f is divided by d?
6
What is the remainder when 82 is divided by (0 - -1) + 126/9 + -1?
12
Suppose 4*m - 2*m + 2*o + 8 = 0, 4*m + 6 = o. Let u be ((-1)/m)/(3/(-204)). What is the remainder when 17 is divided by (-3)/(-4) + u/(-8)?
2
Let n be 67/4 - 2/(-8). Suppose -3*q + 15 = 0, 0 = l - 3*q + n + 5. Let m = 21 + l. Calculate the remainder when m is divided by 5.
4
Let z(m) = -m**2 - 11*m - 14. Let h be z(-10). Let b = h + 14. Let r = 35 - 17. What is the remainder when r is divided by b?
8
Suppose 5*q + 108 = 8*q. What is the remainder when 68 is divided by q?
32
Suppose 0*g + g - 49 = 5*s, 0 = g - s - 37. Calculate the remainder when g is divided by 12.
10
Let y = 9 - 4. What is the remainder when y is divided by 2?
1
Suppose 193 = -3*h + t - 3*t, -h = -3*t + 57. Let r = h + 109. Calculate the remainder when r is divided by 12.
10
Calculate the remainder when 26 is divided by (14/4)/(1/2).
5
Let i(p) = p**3 - 7*p**2 + 7*p + 8. What is the remainder when 51 is divided by i(6)?
9
Let q(p) = -p**3 - p**2 + 2*p + 104. Calculate the remainder when q(0) is divided by 21.
20
Suppose -h = h + 4. Suppose 3*s = -2 + 53. Calculate the remainder when 4*h*4*-1 is divided by s.
15
Let z(l) = -12*l + 6*l - 9*l + 4. What is the remainder when z(-3) is divided by 13?
10
Let f(y) = y**3 - 4*y**2 + 4*y - 1. Calculate the remainder when 868/15 + (-18)/(-135) is divided by f(4).
13
Let r be (6/4)/((-27)/(-504)). Suppose -v + 5*v + r = 0. Let f(m) = -7*m - 2. Calculate the remainder when f(v) is divided by 12.
11
Suppose -6 - 33 = -3*l. Suppose -2*t - 3 = -l. What is the remainder when 13 is divided by t?
3
Suppose 106 = 3*l - 2*l + 5*c, -4*l = 3*c - 356. What is the remainder when l is divided by 30?
26
Let s(a) = -a**3 + 10*a**2 + 4*a + 5. Let z be s(11). Let g = z - -110. Calculate the remainder when 73 is divided by g.
35
Suppose 0*z + 160 = 4*z. What is the remainder when z is divided by 7?
5
Suppose 6 = 2*o + 4*i - 2, 4*i = -3*o + 18. What is the remainder when 47 is divided by o?
7
Suppose 0 = 4*j + q - 51 - 26, 5*q + 115 = 5*j. Let u = -4 + 2. Calculate the remainder when 19 is divided by (56/j)/(u/(-5)).
5
Suppose i - 4 = -5*g + 5, -4*i = -3*g + 79. Let z = -3 + i. Let p = z + 47. What is the remainder when p is divided by 15?
13
Let x = -58 - -76. Calculate the remainder when x is divided by 4.
2
Let b(o) = -o**3. Let j(d) = -7*d**3 + 4*d**2 - 3*d + 1. Let k(x) = 5*b(x) - j(x). Calculate the remainder when k(2) is divided by 2.
1
Let l = -8 + 30. Let f(k) be the first derivative of -k**4/4 - 3*k**3 - 9*k**2/2 - 1. Calculate the remainder when l is divided by f(-8).
6
Suppose y = 5*y. Suppose 2*l - a - 8 = y, -16 = -4*l + a + 3*a. What is the remainder when 5 is divided by l?
1
Let x(g) = -g**2 + 5*g + 7. Suppose j = 5*k - j - 40, -3*k + j = -23. Let w be x(k). Calculate the remainder when 37 is divided by -1 - (w + -15 - 0).
11
Suppose 3*p = -p + 4. Calculate the remainder when (-75)/(p*-3)*1 is divided by ((-18)/(-8))/(3/12).
7
Let d = -9 - -11. Suppose -2*q = 3*q - 5. Let m = q + 1. Calculate the remainder when d is divided by m.
0
Calculate the remainder when 6 is divided by 3 - (3 + (-3)/1).
0
Let f(g) = -5*g + 1. Let p be f(-2). Let n = p - 1. What is the remainder when n is divided by 3?
1
Suppose 5*c + 2*h = 23 + 172, c + 5*h = 39. Calculate the re